{"id":254,"date":"2023-04-12T15:13:12","date_gmt":"2023-04-12T18:13:12","guid":{"rendered":"http:\/\/faj.laboratoriovision.com.br\/bioengenharia\/?post_type=product&#038;p=254"},"modified":"2023-04-14T14:20:46","modified_gmt":"2023-04-14T17:20:46","slug":"canula-coronaria-para-infusao-de-soro-de-cardioplegia-saida-1-8-2","status":"publish","type":"product","link":"https:\/\/fundacaoadibjatene.com.br\/bioengenharia\/produto\/canula-coronaria-para-infusao-de-soro-de-cardioplegia-saida-1-8-2\/","title":{"rendered":"C\u00c2NULA CORON\u00c1RIA PARA INFUS\u00c3O DE SORO CARDIOPLEGIA"},"content":{"rendered":"<p><em><strong>(PARA CIRURGIA CARD\u00cdACA COM CIRCULA\u00c7\u00c3O EXTRACORP\u00d3REA FAJ)<\/strong><\/em><\/p>\n<p>Produto de a\u00e7o inoxid\u00e1vel<\/p>\n<p>Os Instrumentais Cir\u00fargicos produzidos pela Funda\u00e7\u00e3o Adib Jatene foram desenvolvidos para uso em Cirurgias Card\u00edacas com Circula\u00e7\u00e3o Extracorp\u00f3rea (CEC).<\/p>\n<p>Fam\u00edlia de C\u00e2nulas: Indicada para canula\u00e7\u00e3o arterial e venosa que drena o sangue venoso para o oxigenador, retornando para aorta do paciente e infus\u00e3o de soro cardiopl\u00e9gico.<\/p>\n<table border=\"1\" align=\"center\">\n<tbody>\n<tr>\n<td><b>C\u00f3digo<\/b><\/td>\n<td><b>Comprimento (A)<\/b><\/td>\n<td><b>Angula\u00e7\u00e3o da Ponta (B)<\/b><\/td>\n<\/tr>\n<tr>\n<td>CSB0060<\/td>\n<td>200,00 mm<\/td>\n<td>60\u00b0<\/td>\n<\/tr>\n<tr>\n<td>CSB0130<\/td>\n<td>190,00 mm<\/td>\n<td>130\u00b0<\/td>\n<\/tr>\n<\/tbody>\n<\/table>\n","protected":false},"excerpt":{"rendered":"<p>(PARA CIRURGIA CARD\u00cdACA COM CIRCULA\u00c7\u00c3O EXTRACORP\u00d3REA FAJ) Produto de a\u00e7o inoxid\u00e1vel Os Instrumentais Cir\u00fargicos produzidos pela Funda\u00e7\u00e3o Adib Jatene foram desenvolvidos para uso em Cirurgias Card\u00edacas com Circula\u00e7\u00e3o Extracorp\u00f3rea (CEC). Fam\u00edlia de C\u00e2nulas: Indicada para canula\u00e7\u00e3o arterial e venosa que drena o sangue venoso para o oxigenador, retornando para aorta do paciente e infus\u00e3o de [&hellip;]<\/p>\n","protected":false},"featured_media":514,"template":"","meta":[],"product_cat":[17],"product_tag":[],"class_list":["post-254","product","type-product","status-publish","has-post-thumbnail","hentry","product_cat-canulas"],"acf":{"destaque":false,"manual":"","numero_da_anvisa":"10264470024"},"_links":{"self":[{"href":"https:\/\/fundacaoadibjatene.com.br\/bioengenharia\/wp-json\/wp\/v2\/product\/254","targetHints":{"allow":["GET"]}}],"collection":[{"href":"https:\/\/fundacaoadibjatene.com.br\/bioengenharia\/wp-json\/wp\/v2\/product"}],"about":[{"href":"https:\/\/fundacaoadibjatene.com.br\/bioengenharia\/wp-json\/wp\/v2\/types\/product"}],"wp:featuredmedia":[{"embeddable":true,"href":"https:\/\/fundacaoadibjatene.com.br\/bioengenharia\/wp-json\/wp\/v2\/media\/514"}],"wp:attachment":[{"href":"https:\/\/fundacaoadibjatene.com.br\/bioengenharia\/wp-json\/wp\/v2\/media?parent=254"}],"wp:term":[{"taxonomy":"product_cat","embeddable":true,"href":"https:\/\/fundacaoadibjatene.com.br\/bioengenharia\/wp-json\/wp\/v2\/product_cat?post=254"},{"taxonomy":"product_tag","embeddable":true,"href":"https:\/\/fundacaoadibjatene.com.br\/bioengenharia\/wp-json\/wp\/v2\/product_tag?post=254"}],"curies":[{"name":"wp","href":"https:\/\/api.w.org\/{rel}","templated":true}]}}