{"id":30,"date":"2023-03-24T09:38:56","date_gmt":"2023-03-24T12:38:56","guid":{"rendered":"http:\/\/faj.laboratoriovision.com.br\/bioengenharia\/?post_type=product&#038;p=30"},"modified":"2023-04-14T13:06:03","modified_gmt":"2023-04-14T16:06:03","slug":"tubos-traqueais","status":"publish","type":"product","link":"https:\/\/fundacaoadibjatene.com.br\/bioengenharia\/produto\/tubos-traqueais\/","title":{"rendered":"TUBOS TRAQUEAIS"},"content":{"rendered":"<p><b>C\u00f3digo de Produto FAJ:<\/b> Vide Tabela<\/p>\n<p><em><strong>Validade: 03 Anos (fechado na embalagem)<\/strong><\/em><\/p>\n<p><b>Produto Descart\u00e1vel<\/b><\/p>\n<p>O Tubo Traqueal em T \u00e9 utilizado em procedimentos de traqueostomia, estenose traqueal, abertura da luz da traqueia e cirurgia de c\u00e2ncer de garganta. Ajuda a manter a traqueia umedecida e facilita a fala e a respira\u00e7\u00e3o do paciente. Produzido em Silicone Grau M\u00e9dico para implante tempor\u00e1rio e pode ser esterilizado por autoclave ou per\u00f3xido de hidrog\u00eanio. O produto \u00e9 composto pelo Tubo de Silicone em T, Anel O\u2019Ring e Tampa (conforme foto). Produzidos nas seguintes dimens\u00f5es:<\/p>\n<p>&nbsp;<\/p>\n<table border=\"1\" align=\"center\">\n<tbody>\n<tr>\n<td colspan=\"6\"><b>\u00a0\u00a0\u00a0\u00a0\u00a0\u00a0\u00a0\u00a0\u00a0\u00a0\u00a0 C\u00d3DIGO E DIMENS\u00d5ES (mm)<\/b><\/td>\n<\/tr>\n<tr>\n<td><b>\u00a0\u00a0\u00a0 C\u00d3DIGO PRODUTO<\/b><\/td>\n<td><b>A<\/b><\/td>\n<td><b>B<\/b><\/td>\n<td><b>C<\/b><\/td>\n<td><b>D<\/b><\/td>\n<td><b>E<\/b><\/td>\n<\/tr>\n<tr>\n<td>\u00a0PRD0400010 (Infantil 08)<\/td>\n<td>\u00a0\u00d8 08<\/td>\n<td>\u00a033<\/td>\n<td>\u00a0\u00d8 07<\/td>\n<td>\u00a037<\/td>\n<td>\u00a061<\/td>\n<\/tr>\n<tr>\n<td>\u00a0PRD0400020 (M\u00e9dio 10)<\/td>\n<td>\u00a0\u00d8 10<\/td>\n<td>\u00a042<\/td>\n<td>\u00a0\u00d8 09<\/td>\n<td>\u00a045<\/td>\n<td>\u00a077<\/td>\n<\/tr>\n<tr>\n<td>\u00a0PRD0400030 (Adulto 12)<\/td>\n<td>\u00a0\u00d8 12<\/td>\n<td>\u00a049<\/td>\n<td>\u00a0\u00d8 10<\/td>\n<td>\u00a060<\/td>\n<td>\u00a0105<\/td>\n<\/tr>\n<tr>\n<td>\u00a0PRD0400040 (Adulto 14)<\/td>\n<td>\u00a0\u00d8 14<\/td>\n<td>\u00a060<\/td>\n<td>\u00a0\u00d8 10<\/td>\n<td>\u00a060<\/td>\n<td>\u00a0105<\/td>\n<\/tr>\n<tr>\n<td>\u00a0PRD0400050 (Adulto 16)<\/td>\n<td>\u00a0\u00d8 16<\/td>\n<td>\u00a060<\/td>\n<td>\u00a0\u00d8 10<\/td>\n<td>\u00a060<\/td>\n<td>\u00a0105<\/td>\n<\/tr>\n<\/tbody>\n<\/table>\n<p>&nbsp;<\/p>\n<p>&nbsp;<\/p>\n<p class=\"text-center\"><img loading=\"lazy\" decoding=\"async\" class=\"size-full wp-image-261\" src=\"http:\/\/www.fundacaoadibjatene.com.br\/wp-content\/uploads\/2021\/09\/Tubo-Traqueal-em-T-sem-fundo-2.png\" alt=\"\" width=\"466\" height=\"299\" \/><\/p>\n","protected":false},"excerpt":{"rendered":"<p>C\u00f3digo de Produto FAJ: Vide Tabela Validade: 03 Anos (fechado na embalagem) Produto Descart\u00e1vel O Tubo Traqueal em T \u00e9 utilizado em procedimentos de traqueostomia, estenose traqueal, abertura da luz da traqueia e cirurgia de c\u00e2ncer de garganta. Ajuda a manter a traqueia umedecida e facilita a fala e a respira\u00e7\u00e3o do paciente. Produzido em [&hellip;]<\/p>\n","protected":false},"featured_media":283,"template":"","meta":[],"product_cat":[15],"product_tag":[],"class_list":["post-30","product","type-product","status-publish","has-post-thumbnail","hentry","product_cat-sem-categoria"],"acf":{"destaque":true,"manual":"","numero_da_anvisa":"10264470028"},"_links":{"self":[{"href":"https:\/\/fundacaoadibjatene.com.br\/bioengenharia\/wp-json\/wp\/v2\/product\/30","targetHints":{"allow":["GET"]}}],"collection":[{"href":"https:\/\/fundacaoadibjatene.com.br\/bioengenharia\/wp-json\/wp\/v2\/product"}],"about":[{"href":"https:\/\/fundacaoadibjatene.com.br\/bioengenharia\/wp-json\/wp\/v2\/types\/product"}],"wp:featuredmedia":[{"embeddable":true,"href":"https:\/\/fundacaoadibjatene.com.br\/bioengenharia\/wp-json\/wp\/v2\/media\/283"}],"wp:attachment":[{"href":"https:\/\/fundacaoadibjatene.com.br\/bioengenharia\/wp-json\/wp\/v2\/media?parent=30"}],"wp:term":[{"taxonomy":"product_cat","embeddable":true,"href":"https:\/\/fundacaoadibjatene.com.br\/bioengenharia\/wp-json\/wp\/v2\/product_cat?post=30"},{"taxonomy":"product_tag","embeddable":true,"href":"https:\/\/fundacaoadibjatene.com.br\/bioengenharia\/wp-json\/wp\/v2\/product_tag?post=30"}],"curies":[{"name":"wp","href":"https:\/\/api.w.org\/{rel}","templated":true}]}}