{"id":469,"date":"2023-04-14T12:46:55","date_gmt":"2023-04-14T15:46:55","guid":{"rendered":"http:\/\/faj.laboratoriovision.com.br\/bioengenharia\/?post_type=product&#038;p=469"},"modified":"2023-04-14T12:57:17","modified_gmt":"2023-04-14T15:57:17","slug":"monitor-de-coagulacao-ativada-mca-plus","status":"publish","type":"product","link":"https:\/\/fundacaoadibjatene.com.br\/bioengenharia\/produto\/monitor-de-coagulacao-ativada-mca-plus\/","title":{"rendered":"MONITOR DE COAGULA\u00c7\u00c3O ATIVADA MCA PLUS"},"content":{"rendered":"<p><b>C\u00f3digo de Produto FAJ:<\/b>\u00a0PRE0200001<\/p>\n<p>O\u00a0<strong>Monitor de Coagula\u00e7\u00e3o Ativada MCA Plus<\/strong>\u00a0\u00e9 utilizado para medir o tempo de coagula\u00e7\u00e3o sangu\u00ednea em procedimentos que necessitam da administra\u00e7\u00e3o dos anticoagulantes, tais como: cirurgia card\u00edaca com circula\u00e7\u00e3o extracorp\u00f3rea, hemodi\u00e1lise, hemodin\u00e2mica, terapias de dist\u00farbios tromboembol\u00edticos e tromb\u00f3lise.<\/p>\n<p>Atrav\u00e9s dos testes realizados com uma amostra de sangue (1 mL) \u00e9 poss\u00edvel determinar o Tempo de Coagula\u00e7\u00e3o Ativada (TCA), o que proporciona o controle da dosagem do anticoagulante Heparina ou no auxilio do c\u00e1lculo da dose de Protamina quando for necess\u00e1ria a revers\u00e3o do efeito anticoagula\u00e7\u00e3o durante o procedimento a ser realizado.<\/p>\n","protected":false},"excerpt":{"rendered":"<p>C\u00f3digo de Produto FAJ:\u00a0PRE0200001 O\u00a0Monitor de Coagula\u00e7\u00e3o Ativada MCA Plus\u00a0\u00e9 utilizado para medir o tempo de coagula\u00e7\u00e3o sangu\u00ednea em procedimentos que necessitam da administra\u00e7\u00e3o dos anticoagulantes, tais como: cirurgia card\u00edaca com circula\u00e7\u00e3o extracorp\u00f3rea, hemodi\u00e1lise, hemodin\u00e2mica, terapias de dist\u00farbios tromboembol\u00edticos e tromb\u00f3lise. Atrav\u00e9s dos testes realizados com uma amostra de sangue (1 mL) \u00e9 poss\u00edvel determinar [&hellip;]<\/p>\n","protected":false},"featured_media":167,"template":"","meta":[],"product_cat":[15],"product_tag":[],"class_list":["post-469","product","type-product","status-publish","has-post-thumbnail","hentry","product_cat-sem-categoria"],"acf":{"destaque":true,"manual":480,"numero_da_anvisa":"10264470015"},"_links":{"self":[{"href":"https:\/\/fundacaoadibjatene.com.br\/bioengenharia\/wp-json\/wp\/v2\/product\/469","targetHints":{"allow":["GET"]}}],"collection":[{"href":"https:\/\/fundacaoadibjatene.com.br\/bioengenharia\/wp-json\/wp\/v2\/product"}],"about":[{"href":"https:\/\/fundacaoadibjatene.com.br\/bioengenharia\/wp-json\/wp\/v2\/types\/product"}],"wp:featuredmedia":[{"embeddable":true,"href":"https:\/\/fundacaoadibjatene.com.br\/bioengenharia\/wp-json\/wp\/v2\/media\/167"}],"wp:attachment":[{"href":"https:\/\/fundacaoadibjatene.com.br\/bioengenharia\/wp-json\/wp\/v2\/media?parent=469"}],"wp:term":[{"taxonomy":"product_cat","embeddable":true,"href":"https:\/\/fundacaoadibjatene.com.br\/bioengenharia\/wp-json\/wp\/v2\/product_cat?post=469"},{"taxonomy":"product_tag","embeddable":true,"href":"https:\/\/fundacaoadibjatene.com.br\/bioengenharia\/wp-json\/wp\/v2\/product_tag?post=469"}],"curies":[{"name":"wp","href":"https:\/\/api.w.org\/{rel}","templated":true}]}}