{"id":478,"date":"2023-04-14T12:49:42","date_gmt":"2023-04-14T15:49:42","guid":{"rendered":"http:\/\/faj.laboratoriovision.com.br\/bioengenharia\/?post_type=product&#038;p=478"},"modified":"2023-04-14T12:53:04","modified_gmt":"2023-04-14T15:53:04","slug":"kit-tca-1-ml","status":"publish","type":"product","link":"https:\/\/fundacaoadibjatene.com.br\/bioengenharia\/produto\/kit-tca-1-ml\/","title":{"rendered":"KIT TCA \u2013 1 ML"},"content":{"rendered":"<p><b>C\u00f3digo de Produto FAJ:<\/b>\u00a0KIT0001<\/p>\n<p>O\u00a0<strong>Kit TCA<\/strong>\u00a0\u00e9 um produto para diagn\u00f3stico\u00a0<em>\u201cin vitro\u201d<\/em>\u00a0e de uso exclusivo para medi\u00e7\u00e3o do Tempo de Coagula\u00e7\u00e3o Ativada nas diversas aplica\u00e7\u00f5es cl\u00ednicas e cir\u00fargicas. Cont\u00eam tubos reagentes descart\u00e1veis, onde se processa a ativa\u00e7\u00e3o do sistema de coagula\u00e7\u00e3o e detec\u00e7\u00e3o do ponto inicial da forma\u00e7\u00e3o do co\u00e1gulo. O Kit TCA deve ser utilizado com equipamento dedicado, o Monitor de Coagula\u00e7\u00e3o Ativada (modelo MCA 2000 ou MCA Plus) marca Funda\u00e7\u00e3o Adib Jatene (FAJ).<\/p>\n<p><strong>Cont\u00e9m:<\/strong>\u00a024 unidades cada caixa<br \/>\n<strong>Produto Descart\u00e1vel (uso \u00fanico)<\/strong><\/p>\n","protected":false},"excerpt":{"rendered":"<p>C\u00f3digo de Produto FAJ:\u00a0KIT0001 O\u00a0Kit TCA\u00a0\u00e9 um produto para diagn\u00f3stico\u00a0\u201cin vitro\u201d\u00a0e de uso exclusivo para medi\u00e7\u00e3o do Tempo de Coagula\u00e7\u00e3o Ativada nas diversas aplica\u00e7\u00f5es cl\u00ednicas e cir\u00fargicas. Cont\u00eam tubos reagentes descart\u00e1veis, onde se processa a ativa\u00e7\u00e3o do sistema de coagula\u00e7\u00e3o e detec\u00e7\u00e3o do ponto inicial da forma\u00e7\u00e3o do co\u00e1gulo. O Kit TCA deve ser utilizado [&hellip;]<\/p>\n","protected":false},"featured_media":171,"template":"","meta":[],"product_cat":[15],"product_tag":[],"class_list":["post-478","product","type-product","status-publish","has-post-thumbnail","hentry","product_cat-sem-categoria"],"acf":{"destaque":true,"manual":479,"numero_da_anvisa":"10264470032"},"_links":{"self":[{"href":"https:\/\/fundacaoadibjatene.com.br\/bioengenharia\/wp-json\/wp\/v2\/product\/478","targetHints":{"allow":["GET"]}}],"collection":[{"href":"https:\/\/fundacaoadibjatene.com.br\/bioengenharia\/wp-json\/wp\/v2\/product"}],"about":[{"href":"https:\/\/fundacaoadibjatene.com.br\/bioengenharia\/wp-json\/wp\/v2\/types\/product"}],"wp:featuredmedia":[{"embeddable":true,"href":"https:\/\/fundacaoadibjatene.com.br\/bioengenharia\/wp-json\/wp\/v2\/media\/171"}],"wp:attachment":[{"href":"https:\/\/fundacaoadibjatene.com.br\/bioengenharia\/wp-json\/wp\/v2\/media?parent=478"}],"wp:term":[{"taxonomy":"product_cat","embeddable":true,"href":"https:\/\/fundacaoadibjatene.com.br\/bioengenharia\/wp-json\/wp\/v2\/product_cat?post=478"},{"taxonomy":"product_tag","embeddable":true,"href":"https:\/\/fundacaoadibjatene.com.br\/bioengenharia\/wp-json\/wp\/v2\/product_tag?post=478"}],"curies":[{"name":"wp","href":"https:\/\/api.w.org\/{rel}","templated":true}]}}